the remainder when 4 is divided by 134/(-335) - (-2)/(d/(-14)).
0
Let w(o) = o**2 - 34*o - 264. Suppose 5*g + 50 = 3*a, -55 = 6*g - g - 4*a. What is the remainder when 732 is divided by w(g)?
19
Suppose 159*k - 125*k - 3754 = 5222. What is the remainder when k is divided by 2?
0
Suppose -10224*o = -10204*o - 1080. Calculate the remainder when 4253 is divided by o.
41
Suppose 495 + 22725 = 5*u. Calculate the remainder when u is divided by 166.
162
Suppose 0 = 4*o - 16 - 0. Suppose -40 = -6*i - o. Calculate the remainder when 35 is divided by i.
5
Suppose -4*g + 7*g = -222. Let b = -72 - g. Suppose b*f - 13 - 7 = 0. Calculate the remainder when f is divided by 4.
2
Let q(a) = a**3 - 38*a**2 - 66*a + 133. What is the remainder when q(40) is divided by 6?
3
What is the remainder when 2/(5 + 8780/(-1760)) is divided by 48?
32
Let q = 14 - 11. Let w(g) = 2*g**2 - 11*g + 7. Let y be w(5). Suppose 90 = 2*k + y*f, -k = 3*k - 2*f - 150. Calculate the remainder when k is divided by q.
1
Let n be 1/(12/(-68214))*-4. Suppose 16*r + 4834 = n. Calculate the remainder when r is divided by 33.
30
Suppose 4*g = -2*y + 722, 5*y + 195 = -4*g + 920. What is the remainder when 10618 is divided by g?
178
Let k(z) = 76*z**2 - 124*z + 755. Calculate the remainder when k(6) is divided by 11.
8
Let q = 5256 + -5054. What is the remainder when q is divided by 196?
6
Let m(j) = -j**3 + 95*j**2 + 296*j - 163. Calculate the remainder when m(98) is divided by 14.
5
Let z(i) = -4*i**3 - 9*i**2 + 6*i - 3. What is the remainder when z(-5) is divided by 41?
37
Let n = 28 + -15. Let k(q) = 4*q**2 - 20*q + 125. Let p(o) = o**2 + 3. Let b(z) = -k(z) + 6*p(z). Calculate the remainder when n is divided by b(-14).
3
Let r(u) = u**3 - 60*u**2 + 60*u + 66. What is the remainder when r(59) is divided by 53?
19
Let j = 1 - 4. Let t(h) = -18*h - 27. What is the remainder when 102 is divided by t(j)?
21
Let h be (-5)/((-75)/(-6)) + (-2766)/(-15). Suppose -4*w + 296 + h = 0. What is the remainder when w is divided by 27?
12
Let f(k) = -16*k**2 + 93*k - 8. What is the remainder when 289 is divided by f(4)?
73
Let k = -28181 + 30747. What is the remainder when k is divided by 2555?
11
Suppose 4*r = -5*m + 7, 13 + 4 = 5*m - r. Let o = -189197 + 189219. Calculate the remainder when o is divided by m.
1
Suppose 0 = -5*f + 8*b - 4*b + 76, 0 = -f + 2*b + 8. What is the remainder when 439 is divided by f?
19
Suppose 0 = -7*v + 12*v - 25. Suppose -2*o + 402 = -v*b, 5*o - o = 2*b + 148. Let n = b + 128. What is the remainder when n is divided by 12?
10
Let c = -2730 - -2754. Calculate the remainder when (-4)/(16/(-268)) + -3 is divided by c.
16
What is the remainder when 178 is divided by 565/115 - -4*1/46?
3
Suppose 121*w = 134898 - 13293. What is the remainder when w is divided by 24?
21
Let j(o) = -5*o**3 + o + 1. Let t be j(3). Let d = 56 + t. Calculate the remainder when 43 is divided by 1/(5*(-1)/d).
13
Suppose -4*b - 42 = 2*y, -b + 0*b - 3*y = 18. Let o(r) = -2*r - 7. Suppose 3*z + 14 - 74 = 0. What is the remainder when z is divided by o(b)?
9
Let i = -1818 - -1831. What is the remainder when 4119 is divided by i?
11
Let c(a) = -208*a**3 + 5*a**2 + a - 27. What is the remainder when c(-3) is divided by 22?
21
Let r be (316/(-20)*2)/((-8)/60). Suppose -r - 2139 = -36*f. Calculate the remainder when 246 is divided by f.
48
Let t = 22 + 3. Suppose -115*c + 18915 - 6610 = 0. Calculate the remainder when c is divided by t.
7
Suppose -l - b + 23 = -171, -198 = -l + 3*b. Suppose 4*w + 9*w = l. Calculate the remainder when 178 is divided by w.
13
Suppose -t = -63*x + 62*x - 6875, -3*t - x + 20641 = 0. Calculate the remainder when t is divided by 93.
90
Suppose -u - 3*c = -145, -270 = -590*u + 588*u - c. What is the remainder when 625 is divided by u?
93
Let l(x) = 9323*x**2 + 5 - 9324*x**2 - 2 - 7*x. What is the remainder when 33 is divided by l(-6)?
6
Let s(v) = -40*v - 5057. What is the remainder when 365 is divided by s(-127)?
20
Suppose 10*r + 5556 = 10646. What is the remainder when r is divided by 73?
71
Let v(z) = z + 14. Suppose -4*d + 5*t + 34 = -0*d, -4*d = 4*t - 16. What is the remainder when d is divided by v(-8)?
0
Let a(x) be the second derivative of 13*x**3/2 - 157*x**2/2 - 2*x + 7. What is the remainder when a(11) is divided by 40?
32
Let c be 2 - 3 - (13 + 1)/7. What is the remainder when (20430/12)/(-5)*2/c is divided by 10?
7
Suppose 0 = 2*z + 4*p - p - 343, 2*z = -4*p + 348. Let q = -132 + z. What is the remainder when 59 is divided by q?
27
Suppose 137 = 4*o - 7. Let l = 128 - o. Calculate the remainder when l is divided by 31.
30
Let k(l) = 6*l**3 + 9*l**2 + 11*l - 17. Let m be k(-5). Let c = -588 - m. Calculate the remainder when 49 is divided by c.
4
Let o(w) = 18*w**2 - 1148*w + 124. Calculate the remainder when o(64) is divided by 99.
83
Let c = -1017 + 1252. Let u(b) = -5*b + 97. What is the remainder when c is divided by u(16)?
14
Let g(h) = h**3 - 17*h**2 - h + 20. Let o be g(17). Let w(z) = z**3 + 47*z - 20 - o + 17*z**2 - 42*z. Calculate the remainder when w(-16) is divided by 26.
23
Let p(h) = -2*h**3 + 2*h + 1. Let u be p(-1). Let q = 62075 - 62065. What is the remainder when u - (6/2 + -61) is divided by q?
9
Let p = -8833 - -9573. Calculate the remainder when p is divided by 94.
82
Let v = -389 - -265. Calculate the remainder when v/1*4/(-8) is divided by 16.
14
Let m = -18395 - -18399. Calculate the remainder when 11107 is divided by m.
3
What is the remainder when 451 is divided by 87/5 + (-873)/(-1455)?
1
Suppose 0 = 79*d - 27*d - 3172. What is the remainder when 194 is divided by d?
11
Let i = -3112 - -3219. Calculate the remainder when i is divided by 106.
1
Let i be (1*-4)/2 + (-212)/(-1). Suppose 0*p = -5*c + 5*p + i, 34 = c - 3*p. Suppose 0 = -3*d + c - 31. What is the remainder when 5 is divided by d?
0
Let p = 131 - 138. Let l(h) = h**3 + 8*h**2 + 10*h + 38. Calculate the remainder when 29 is divided by l(p).
12
Let a be (1*(-2)/(-8))/((-19)/(-152)). Suppose -q - 5*y = -111 - 177, -a*q + 540 = y. Calculate the remainder when q is divided by 6.
4
Let p(r) = r**2 + 11*r + 16. Let x be p(-8). Calculate the remainder when (-2)/x + (-2653)/(-28) is divided by 20.
15
Let m = 3924 + -801. What is the remainder when m is divided by 445?
8
Let z(b) = b**3 - 7 + 0*b**2 + 4*b + 3 - 2*b**2 - 8. Let c be z(6). Suppose 2*r + 3*k = 75, -k = -3*r + c - 27. What is the remainder when r is divided by 22?
20
Let n = 4275 - 4243. Suppose 16 = -5*h + 6. Calculate the remainder when n is divided by (-1 - h)/(1/9).
5
Let v = 11320 + -8719. Calculate the remainder when v is divided by 2.
1
What is the remainder when (5/((-50)/(-24)))/(2652/61880) is divided by 2/(-4) - 344/(-16)?
14
Let h(g) = -g**2 - 104*g - 2392. What is the remainder when 175 is divided by h(-69)?
14
Let k(q) = -22*q + 906. Calculate the remainder when k(16) is divided by 44.
26
Let c(x) = 11*x**3 + 21*x**2 - 40*x + 20. Let b(t) = -2*t**3 - t - 1. Let y(f) = -5*b(f) - c(f). What is the remainder when 20 is divided by y(-23)?
4
Suppose -3*u = -2*x + 25, -77*u + 38 = 3*x - 81*u. Calculate the remainder when 42 is divided by x.
0
Suppose 5*w - 26 = -46, a - 210 = -2*w. Calculate the remainder when a is divided by ((-88)/(-4) - -1) + -1.
20
Let y(f) = f**2 + 5*f - 6. Let n be y(-6). Let b be 10/(-12) - (-2320)/480. Suppose n = b*p - 10 - 38. What is the remainder when 81 is divided by p?
9
Suppose 7*k - 192 = 3*k. Let f(v) = -2*v - 2 + 6 - 5. What is the remainder when k is divided by f(-10)?
10
Let v be (27/(-36))/(2/320). Let u = -108 - v. Let l = 23 + 0. Calculate the remainder when l is divided by u.
11
Let i = 10 - 4. Let r(c) = -2 + 1604*c - 3223*c + 1621*c + 6*c**2. What is the remainder when r(i) is divided by 57?
55
Suppose 50*p - 1055 - 1295 = 0. Let y(m) = -95*m - 2. Let h be y(-2). Suppose g = -c + p, 3*g + h = 7*c - 3*c. What is the remainder when c is divided by 8?
7
Let u(r) = -36*r**2 + 3 + 56*r**2 - 5*r + 2. Let z be u(3). Suppose z + 78 = 2*x. Calculate the remainder when x is divided by 21.
19
Suppose 101*r + 107*r = 51376. What is the remainder when r is divided by 36?
31
Let v = -11537 + 11551. Calculate the remainder when 1435 is divided by v.
7
Suppose 55*r = 65*r + 50. What is the remai